t d(s) = s + 57. Calculate d(-13).
44
Let s(m) = -208*m - 1285. Give s(-6).
-37
Let g(p) = -1206*p - 3607. Determine g(-3).
11
Let t(l) = -l**3 - 2*l**2 + 3*l - 11. Calculate t(3).
-47
Let j(r) = 2582*r + 12906. Calculate j(-5).
-4
Let w(g) = -362*g - 21728. Calculate w(-60).
-8
Let q(y) = -198*y - 13262. Determine q(-67).
4
Let w(r) = r**2 + 74*r + 1203. What is w(-50)?
3
Let g(h) = -21*h + 3748. Give g(179).
-11
Let h(v) = v**2 - 20*v + 16. Calculate h(11).
-83
Let d(q) = -57*q - 2297. Give d(-44).
211
Let y(z) = z**2 - 82*z + 161. What is y(2)?
1
Let x(i) = -4*i**2 + 5*i - 4. Give x(7).
-165
Let g(z) = -50*z - 456. Determine g(-10).
44
Let g(x) = 4*x**2 + 55*x + 49. Determine g(-13).
10
Let c(d) = -266*d + 2619. Determine c(10).
-41
Let n(b) = 7*b + 53. Calculate n(-17).
-66
Let m(s) = 229*s - 37558. Determine m(164).
-2
Let s(x) = x**3 - 3*x**2 - 19*x + 5. Determine s(0).
5
Let y(x) = -x**3 + 11*x**2 - 19*x - 23. Give y(9).
-32
Let u(z) = 135*z + 272. Determine u(-2).
2
Let x(y) = y**3 - 17*y**2 - 21*y + 360. What is x(17)?
3
Let z(l) = l**3 - 17*l**2 + 65*l + 56. Give z(10).
6
Let m(c) = -87*c + 4091. Determine m(47).
2
Let m(a) = -a**3 - 8*a**2 + 13*a - 23. Give m(-11).
197
Let n(g) = g**3 - 11*g**2 - 32*g + 234. What is n(12)?
-6
Let c(p) = -p**3 + 4*p**2 - 7*p - 96. Calculate c(0).
-96
Let m(z) = z**2 + 218*z + 1505. Determine m(-7).
28
Let r(w) = -1502*w - 2996. What is r(-2)?
8
Let k(v) = 205*v + 58. Give k(-4).
-762
Let v(z) = 4*z**2 - 393*z + 3826. Calculate v(11).
-13
Let d(u) = -11673*u + 233455. Calculate d(20).
-5
Let a(v) = v**3 - 5*v**2 - 4*v - 80. Calculate a(7).
-10
Let h(a) = -6*a**2 - 1014*a + 3104. Give h(-172).
8
Let u(f) = -f**3 + 33*f**2 + 31*f + 50. Determine u(34).
-52
Let l(t) = -3*t**3 - 131*t**2 - 2*t - 2006. Calculate l(-44).
18
Let z(d) = 27*d - 434. Determine z(17).
25
Let j(p) = 8*p**2 - 77*p - 7. Give j(10).
23
Let g(q) = -q**3 + 17*q**2 - 2*q - 42. Determine g(7).
434
Let t(w) = -11*w + 193. Give t(21).
-38
Let j(a) = -21*a**2 - 22*a - 25. What is j(-1)?
-24
Let y(o) = o**3 + 5*o**2 + 38*o + 144. What is y(-4)?
8
Let s(g) = g**3 + 88*g**2 + 907*g - 55. Give s(-12).
5
Let x(a) = 5*a**2 - 131*a + 383. Calculate x(3).
35
Let z(v) = -3*v**3 + 3*v - 12. Give z(0).
-12
Let m(r) = -116*r - 17865. What is m(-154)?
-1
Let x(k) = 7*k**2 - 285*k - 68. What is x(41)?
14
Let q(l) = -l**2 + 605*l - 78. Calculate q(0).
-78
Let o(g) = g**3 - 13*g**2 + 21*g - 105. Determine o(12).
3
Let p(j) = j**3 - 19*j**2 + 253*j - 5462. What is p(20)?
-2
Let d(n) = -179*n - 10440. Give d(-58).
-58
Let t(s) = -s**3 - 12*s**2 - 108*s - 886. What is t(-10)?
-6
Let h(g) = -283*g - 37635. Give h(-133).
4
Let z(j) = -9*j**2 - 42*j + 151. Calculate z(4).
-161
Let m(j) = 2*j**2 + 36*j - 70. Determine m(-15).
-160
Let r(s) = -3*s**2 - 11*s - 40. Determine r(-6).
-82
Let o(y) = 2*y**2 - 388*y + 5040. Calculate o(180).
0
Let j(n) = n**3 + 17*n**2 + 29*n - 16. What is j(-15)?
-1
Let q(i) = 2*i**3 - 9*i**2 + 8*i - 7. Calculate q(6).
149
Let f(x) = x**3 + 15*x**2 - 3*x - 40. Give f(0).
-40
Let z(v) = 29*v**2 + 10096*v + 1398. Calculate z(-348).
6
Let k(n) = 255*n + 1195. Determine k(-5).
-80
Let g(c) = -2*c**2 + 22*c + 81. Determine g(26).
-699
Let w(s) = s**2 + 64*s + 810. What is w(-11)?
227
Let g(t) = 2*t**3 + 28*t**2 - 139*t + 80. Determine g(-18).
-10
Let d(q) = -q**2 + 4*q + 207. What is d(17)?
-14
Let f(d) = 2439*d + 7323. Calculate f(-3).
6
Let o(y) = y - 31. What is o(7)?
-24
Let s(j) = j**2 + 44*j - 957. Determine s(16).
3
Let w(d) = d**3 - 6*d**2 + 111*d - 671. Calculate w(6).
-5
Let x(l) = -l**3 - 9*l**2 + 46*l + 282. What is x(-11)?
18
Let x(t) = -t**3 + 18*t**2 + 2*t + 43. Calculate x(0).
43
Let u(w) = -w**3 - 2*w**2 - 91*w - 1. What is u(0)?
-1
Let r(w) = 283*w - 277. What is r(0)?
-277
Let x(j) = 2*j**3 - 31*j**2 + 38*j - 348. Determine x(15).
-3
Let o(u) = -3040*u + 12158. Determine o(4).
-2
Let c(a) = -108*a**2 + 55*a + 10. Give c(0).
10
Let b(i) = -i**3 - 41*i**2 + 53*i + 2149. Give b(-41).
-24
Let j(x) = -x**3 - 2*x**2 + 4*x - 9. Determine j(-5).
46
Let m(g) = -g**3 + 25*g**2 - 4*g + 161. Give m(25).
61
Let x(d) = 5*d**2 + 455*d + 3332. Calculate x(-8).
12
Let z(y) = -3*y**3 + 9*y**2 + 11*y - 7. What is z(4)?
-11
Let g(y) = 21*y**2 + 140*y - 1. What is g(-7)?
48
Let l(z) = -26*z**2 + 214*z + 209. Give l(9).
29
Let p(k) = -3*k**2 + 19*k + 71. Give p(9).
-1
Let d(i) = -i**2 + 35*i - 156. Calculate d(26).
78
Let m(d) = -8*d**2 - 64*d + 265. What is m(4)?
-119
Let v(g) = -286*g - 2088. What is v(-7)?
-86
Let d(l) = 19*l**2 + 247*l + 3. Give d(-13).
3
Let i(y) = -y**3 + 8*y**2 + 32*y - 28. Calculate i(10).
92
Let p(d) = -d**3 + 8*d**2 + 40*d - 33. Calculate p(11).
44
Let d(g) = 52*g - 368. Calculate d(7).
-4
Let p(m) = -34*m - 364. Give p(-11).
10
Let t(g) = g**3 + g**2 - 272*g + 1034. Calculate t(4).
26
Let v(n) = n**2 + 56*n - 1262. Calculate v(-73).
-21
Let v(y) = y**2 - 31*y + 135. Give v(23).
-49
Let q(s) = s**3 - 17*s**2 + 63*s - 51. Determine q(12).
-15
Let r(l) = -3*l**2 + 55*l - 221. Give r(14).
-39
Let x(j) = 258*j - 455. Give x(5).
835
Let o(a) = 129*a - 12990. What is o(101)?
39
Let t(m) = -m**2 + 48*m + 4534. Calculate t(98).
-366
Let j(p) = -p**3 + 8*p**2 - 51*p + 165. Calculate j(4).
25
Let y(c) = c**3 + 5*c**2 + 23*c + 247. Determine y(-7).
-12
Let y(s) = -s**3 + 12*s**2 - 14*s - 40. Determine y(12).
-208
Let b(o) = -515*o - 10813. Calculate b(-21).
2
Let k(x) = -x**3 - 28*x**2 + 81*x - 86. Calculate k(-30).
-716
Let p(c) = -c**3 - 95*c**2 + 290*c - 388. Give p(-98).
4
Let r(u) = -u**3 - 17*u**2 - 60*u + 79. Give r(-11).
13
Let c(x) = -6*x**2 + 287*x + 27. Give c(48).
-21
Let f(r) = -3*r**3 + 68*r**2 - 44*r - 16. Determine f(22).
-16
Let b(a) = 2*a**2 - 304*a + 10. Calculate b(0).
10
Let w(b) = b**2 + 212*b + 10451. Give w(-78).
-1
Let t(u) = -u**2 - 401*u + 5369. Determine t(13).
-13
Let k(v) = v**2 - 20*v - 29. What is k(22)?
15
Let v(m) = m**3 + 43*m**2 + 43*m + 6. Give v(-42).
-36
Let c(y) = 15*y**2 + 414*y - 81. Calculate c(-28).
87
Let w(b) = 11*b - 677. Calculate w(-5).
-732
Let v(l) = 85*l**2 + 45*l - 31. Give v(-2).
219
Let l(m) = m**2 - 12*m + 67. What is l(-7)?
200
Let f(j) = 3*j - 148. Determine f(35).
-43
Let t(s) = -s**3 + 5*s**2 + 7*s - 11. Determine t(0).
-11
Let k(d) = -d**3 + 14*d**2 + 2*d - 29. Give k(12).
283
Let y(p) = p**3 + 8*p**2 + 27*p + 15. Give y(-8).
-201
Let w(g) = -13*g**2 - 4*g + 3. Give w(1).
-14
Let o(y) = -2*y - 49. Give o(-23).
-3
Let g(k) = k**3 + 8*k**2 + 7*k - 18. Give g(-8).
-74
Let u(b) = b**2 - 102*b + 2648. Give u(49).
51
Let u(f) = 2*f - 203. Calculate u(36).
-131
Let m(p) = p**3 - 53*p**2 - 3*p + 142. What is m(53)?
-17
Let h(u) = -u**2 - 181*u - 3769. Calculate h(-24).
-1
Let v(g) = 4*g**3 - 17*g**2 + 6*g - 40. Give v(5).
65
Let f(a) = 8*a**2 + 501*a + 311. Determine f(-62).
1
Let c(u) = 3*u**3 + 11*u**2 + 518*u + 2093. Calculate c(-4).
5
Let r(y) = -504*y - 3523. Determine r(-7).
5
Let s(o) = -2*o**2 + 41*o - 11. Give s(0).
-11
Let n(m) = -m**3 - 20*m**2 - 30*m + 16. Calculate n(-19).
225
Let a(h) = 103*h - 171. Give a(2).
35
Let b(l) = 6*l**2 + 57*l - 488. Calculate b(7).
205
Let x(l) = -13*l - 35. What is x(5)?
-100
Let b(f) = -2*f**2 + 49*f + 83. Determine b(26).
5
Let v(t) = 15*t - 1343. What is v(90)?
7
Let m(w) = w**3 + 9*w**2 - 10*w + 20. What is m(-9)?
110
Let w(a) = -a**3 + 19*a**2 - 84*a - 21. What is w(10)?
39
Let d(v) = 4*v**3 + 138*v**2 - 64*v + 5. Determine d(-35).
-205
Let u(m) = m**2 - 2505*m + 44773. Give u(18).
7
Let m(d) = -2*d**3 + 3*d**2 + 532*d + 529. Calculate m(-1).
2
Let g(z) = z**3 + 22*z**2 + 6*z + 7. Calculate g(-22).
-125
Let s(g) = -g**3 + 2*g**2 + 5*g + 2. What is s(-1)?
0
Let n(b) = -79*b + 511. Give n(7).
-42
Let y(f) = -2*f**3 - f**2 + 17*f + 30. Give y(-2).
8
Let c(t) = 3*t**3 + 14*t**2 + 12*t + 19. Give c(-6).
-197
Let s(t) = -2*t**2 - 106*t - 477. Give s(-5).
3
Let p(r) = -r**3 - 8*r**2 - 8*r - 184. Calculate p(-9).
-31
Let d(z) = z**2 - 5*z - 34. Determine d(9).
2
Let c(w) = 75*w**3 + 37*w**2 + 4*w. Determine c(-1).
-42
Let l(j) = 7*j**3 - 13*j**2 - 7*j + 11. Determine l(2).
1
Let o(b) = b**2 + 14*b + 25. What is o(-3)?
-8
Let j(r) = -3*r**2 + 145*r - 757. Determine j(6).
5
Let b(s) = -429*s - 1171. Determine b(-5).
974
Let i(z) = 1